{"id":262,"date":"2015-02-21T08:08:53","date_gmt":"2015-02-21T08:08:53","guid":{"rendered":"http:\/\/laverna.at\/LaVerna\/?page_id=262"},"modified":"2018-08-16T08:50:53","modified_gmt":"2018-08-16T07:50:53","slug":"spenden","status":"publish","type":"page","link":"https:\/\/laverna.at\/LaVerna\/spenden\/","title":{"rendered":"Spenden"},"content":{"rendered":"\n<p class=\"wp-block-paragraph\">Damit wir unsere Arbeit im Zentrum La Verna verrichten k\u00f6nnen brauchen wir viel Material und finanzielle Mittel. Wir werden zwar von der ganzen <a href=\"http:\/\/www.franziskaner.at\" target=\"_blank\" rel=\"noreferrer noopener\">Franziskanerprovinz Austria in \u00d6sterreich und S\u00fcdtirol<\/a> finanziell unterst\u00fctzt, aber wenn Du willst kannst auch Du uns dabei helfen unser Zentrum aufzubauen. Dazu gibt es einige M\u00f6glichkeiten:<\/p>\n\n\n\n<p class=\"wp-block-paragraph\">1. Spenden auf das Klosterkonto mit der Verwendungszweck: La Verna<\/p>\n\n\n\n<p class=\"wp-block-paragraph\" style=\"text-align:center\">Franziskanerkloster Maria Enzersdorf<\/p>\n\n\n\n<p class=\"wp-block-paragraph\" style=\"text-align:center\">IBAN: AT30 3225 0000 0403 1456<\/p>\n\n\n\n<p class=\"wp-block-paragraph\" style=\"text-align:center\">BIC: RLNWATWWGTD<\/p>\n\n\n\n<p class=\"wp-block-paragraph\">2. Eine Sache die man nicht untersch\u00e4tzen sollte ist das Gebet. Wenn du uns weder finanziell oder materiell helfen kannst, bete f\u00fcr uns.<\/p>\n\n\n\n<p class=\"wp-block-paragraph\">3. Du kannst bei uns auch gewisse Arbeiten verrichten und uns dabei helfen, junge Menschen zu Gott zu f\u00fchren. Wir brauchen: Maler (W\u00e4nde streichen), Tischler, Hilfe beim Putzen, Hilfe beim Kochen uvm. Melde dich einfach bei uns per E-Mail: <a href=\"mailto:laverna@franziskaner.at\">La Verna, laverna@franziskaner.at<\/a> oder telefonisch\u00a002236 225 31<\/p>\n","protected":false},"excerpt":{"rendered":"<p>Damit wir unsere Arbeit im Zentrum La Verna verrichten k\u00f6nnen brauchen wir viel Material und finanzielle Mittel. Wir werden zwar von der ganzen Franziskanerprovinz Austria in \u00d6sterreich und S\u00fcdtirol finanziell unterst\u00fctzt, aber wenn Du willst kannst auch Du uns dabei helfen unser Zentrum aufzubauen. Dazu gibt es einige M\u00f6glichkeiten: 1. Spenden auf das Klosterkonto mit [&hellip;]<\/p>\n","protected":false},"author":6,"featured_media":0,"parent":0,"menu_order":0,"comment_status":"closed","ping_status":"open","template":"","meta":{"footnotes":""},"class_list":["post-262","page","type-page","status-publish","hentry"],"_links":{"self":[{"href":"https:\/\/laverna.at\/LaVerna\/wp-json\/wp\/v2\/pages\/262","targetHints":{"allow":["GET"]}}],"collection":[{"href":"https:\/\/laverna.at\/LaVerna\/wp-json\/wp\/v2\/pages"}],"about":[{"href":"https:\/\/laverna.at\/LaVerna\/wp-json\/wp\/v2\/types\/page"}],"author":[{"embeddable":true,"href":"https:\/\/laverna.at\/LaVerna\/wp-json\/wp\/v2\/users\/6"}],"replies":[{"embeddable":true,"href":"https:\/\/laverna.at\/LaVerna\/wp-json\/wp\/v2\/comments?post=262"}],"version-history":[{"count":6,"href":"https:\/\/laverna.at\/LaVerna\/wp-json\/wp\/v2\/pages\/262\/revisions"}],"predecessor-version":[{"id":1836,"href":"https:\/\/laverna.at\/LaVerna\/wp-json\/wp\/v2\/pages\/262\/revisions\/1836"}],"wp:attachment":[{"href":"https:\/\/laverna.at\/LaVerna\/wp-json\/wp\/v2\/media?parent=262"}],"curies":[{"name":"wp","href":"https:\/\/api.w.org\/{rel}","templated":true}]}}

<p class="wp-block-paragraph">Damit wir unsere Arbeit im Zentrum La Verna verrichten können brauchen wir viel Material und finanzielle Mittel. Wir werden zwar von der ganzen <a href="http://www.franziskaner.at" target="_blank" rel="noreferrer noopener">Franziskanerprovinz Austria in Österreich und Südtirol</a> finanziell unterstützt, aber wenn Du willst kannst auch Du uns dabei helfen unser Zentrum aufzubauen. Dazu gibt es einige Möglichkeiten:</p>



<p class="wp-block-paragraph">1. Spenden auf das Klosterkonto mit der Verwendungszweck: La Verna</p>



<p class="wp-block-paragraph" style="text-align:center">Franziskanerkloster Maria Enzersdorf</p>



<p class="wp-block-paragraph" style="text-align:center">IBAN: AT30 3225 0000 0403 1456</p>



<p class="wp-block-paragraph" style="text-align:center">BIC: RLNWATWWGTD</p>



<p class="wp-block-paragraph">2. Eine Sache die man nicht unterschätzen sollte ist das Gebet. Wenn du uns weder finanziell oder materiell helfen kannst, bete für uns.</p>



<p class="wp-block-paragraph">3. Du kannst bei uns auch gewisse Arbeiten verrichten und uns dabei helfen, junge Menschen zu Gott zu führen. Wir brauchen: Maler (Wände streichen), Tischler, Hilfe beim Putzen, Hilfe beim Kochen uvm. Melde dich einfach bei uns per E-Mail: <a href="mailto:laverna@franziskaner.at">La Verna, laverna@franziskaner.at</a> oder telefonisch 02236 225 31</p>

<p>Damit wir unsere Arbeit im Zentrum La Verna verrichten können brauchen wir viel Material und finanzielle Mittel. Wir werden zwar von der ganzen Franziskanerprovinz Austria in Österreich und Südtirol finanziell unterstützt, aber wenn Du willst kannst auch Du uns dabei helfen unser Zentrum aufzubauen. Dazu gibt es einige Möglichkeiten: 1. Spenden auf das Klosterkonto mit [&hellip;]</p>
