{"id":252,"date":"2015-02-21T07:14:58","date_gmt":"2015-02-21T07:14:58","guid":{"rendered":"http:\/\/laverna.at\/LaVerna\/?page_id=252"},"modified":"2026-04-11T09:10:45","modified_gmt":"2026-04-11T08:10:45","slug":"eucharistie-mit-lobpreis","status":"publish","type":"page","link":"https:\/\/laverna.at\/LaVerna\/veranstaltungen-2\/eucharistie-mit-lobpreis\/","title":{"rendered":"Eucharistie mit Lobpreis"},"content":{"rendered":"\n<figure class=\"wp-block-gallery has-nested-images columns-default is-cropped wp-block-gallery-1 is-layout-flex wp-block-gallery-is-layout-flex\"><\/figure>\n\n\n\n<p>Am Vorabend des 3. Sonntags im Monat um 18:00 Uhr feiern wir in unserer Franziskanerkirche in Maria Enzersdorf eine Eucharistie mit Lobpreis. Eucharistie selbst ist der eigentliche Lobpreis der Kirche. Hier k\u00f6nnen wir Gott loben, obwohl wir dazu eigentlich nicht imstande sind. Christus ist derjenige, der uns seinen Heiligen Geist schenkt, damit wir den Vater preisen k\u00f6nnen. In unserer Franziskanerkirche wollen wir diesen Aspekt der Eucharistie hervorheben und so Gott einfach preisen und loben mit allem was wir haben.<\/p>\n\n\n\n<p class=\"has-text-align-center has-large-font-size\">Hier die aktuellen Termine:<\/p>\n\n\n\n<figure class=\"wp-block-gallery has-nested-images columns-default is-cropped wp-block-gallery-2 is-layout-flex wp-block-gallery-is-layout-flex\">\n<figure class=\"wp-block-image size-large\"><a href=\"https:\/\/laverna.at\/LaVerna\/wp-content\/uploads\/2026\/04\/3.jpg\"><img loading=\"lazy\" decoding=\"async\" width=\"1020\" height=\"721\" data-id=\"5283\" src=\"https:\/\/laverna.at\/LaVerna\/wp-content\/uploads\/2026\/04\/3-1020x721.jpg\" alt=\"\" class=\"wp-image-5283\" srcset=\"https:\/\/laverna.at\/LaVerna\/wp-content\/uploads\/2026\/04\/3-1020x721.jpg 1020w, https:\/\/laverna.at\/LaVerna\/wp-content\/uploads\/2026\/04\/3-632x447.jpg 632w, https:\/\/laverna.at\/LaVerna\/wp-content\/uploads\/2026\/04\/3-768x543.jpg 768w, https:\/\/laverna.at\/LaVerna\/wp-content\/uploads\/2026\/04\/3-1536x1086.jpg 1536w, https:\/\/laverna.at\/LaVerna\/wp-content\/uploads\/2026\/04\/3-2048x1448.jpg 2048w\" sizes=\"(max-width: 706px) 89vw, (max-width: 767px) 82vw, 740px\" \/><\/a><\/figure>\n<\/figure>\n\n\n\n<p>Wenn du gerne musizierst oder dich irgendwie in die Vorbereitung dieser Gottesdienste einbringen kannst und willst, dann kontaktiere <a href=\"laverna@franziskaner.at\"> P. Karmel OFM<\/a>. Wir suchen: Musiker und Musikerinnen, S\u00e4ngerinnen und S\u00e4nger, Helfer f\u00fcr den Aufbau und Abbau, Techniker f\u00fcr PA und Licht.<\/p>\n\n\n\n<h4 class=\"wp-block-heading\">Wie kannst du uns sonst helfen?<\/h4>\n\n\n\n<p>1. Mache unsere Gottesdienste in deinem Bekanntenkreis und deiner Pfarre bekannt.<\/p>\n\n\n\n<p>2. Bete f\u00fcr uns.<\/p>\n","protected":false},"excerpt":{"rendered":"<p>Am Vorabend des 3. Sonntags im Monat um 18:00 Uhr feiern wir in unserer Franziskanerkirche in Maria Enzersdorf eine Eucharistie mit Lobpreis. Eucharistie selbst ist der eigentliche Lobpreis der Kirche. Hier k\u00f6nnen wir Gott loben, obwohl wir dazu eigentlich nicht imstande sind. Christus ist derjenige, der uns seinen Heiligen Geist schenkt, damit wir den Vater &hellip; <\/p>\n<p class=\"link-more\"><a href=\"https:\/\/laverna.at\/LaVerna\/veranstaltungen-2\/eucharistie-mit-lobpreis\/\" class=\"more-link\">Czytaj dalej<span class=\"screen-reader-text\"> \u201eEucharistie mit Lobpreis\u201d<\/span><\/a><\/p>\n","protected":false},"author":6,"featured_media":0,"parent":187,"menu_order":0,"comment_status":"closed","ping_status":"open","template":"","meta":{"footnotes":""},"_links":{"self":[{"href":"https:\/\/laverna.at\/LaVerna\/wp-json\/wp\/v2\/pages\/252"}],"collection":[{"href":"https:\/\/laverna.at\/LaVerna\/wp-json\/wp\/v2\/pages"}],"about":[{"href":"https:\/\/laverna.at\/LaVerna\/wp-json\/wp\/v2\/types\/page"}],"author":[{"embeddable":true,"href":"https:\/\/laverna.at\/LaVerna\/wp-json\/wp\/v2\/users\/6"}],"replies":[{"embeddable":true,"href":"https:\/\/laverna.at\/LaVerna\/wp-json\/wp\/v2\/comments?post=252"}],"version-history":[{"count":43,"href":"https:\/\/laverna.at\/LaVerna\/wp-json\/wp\/v2\/pages\/252\/revisions"}],"predecessor-version":[{"id":5284,"href":"https:\/\/laverna.at\/LaVerna\/wp-json\/wp\/v2\/pages\/252\/revisions\/5284"}],"up":[{"embeddable":true,"href":"https:\/\/laverna.at\/LaVerna\/wp-json\/wp\/v2\/pages\/187"}],"wp:attachment":[{"href":"https:\/\/laverna.at\/LaVerna\/wp-json\/wp\/v2\/media?parent=252"}],"curies":[{"name":"wp","href":"https:\/\/api.w.org\/{rel}","templated":true}]}}

<figure class="wp-block-gallery has-nested-images columns-default is-cropped wp-block-gallery-1 is-layout-flex wp-block-gallery-is-layout-flex"></figure>



<p>Am Vorabend des 3. Sonntags im Monat um 18:00 Uhr feiern wir in unserer Franziskanerkirche in Maria Enzersdorf eine Eucharistie mit Lobpreis. Eucharistie selbst ist der eigentliche Lobpreis der Kirche. Hier können wir Gott loben, obwohl wir dazu eigentlich nicht imstande sind. Christus ist derjenige, der uns seinen Heiligen Geist schenkt, damit wir den Vater preisen können. In unserer Franziskanerkirche wollen wir diesen Aspekt der Eucharistie hervorheben und so Gott einfach preisen und loben mit allem was wir haben.</p>



<p class="has-text-align-center has-large-font-size">Hier die aktuellen Termine:</p>



<figure class="wp-block-gallery has-nested-images columns-default is-cropped wp-block-gallery-2 is-layout-flex wp-block-gallery-is-layout-flex">
<figure class="wp-block-image size-large"><a href="https://laverna.at/LaVerna/wp-content/uploads/2026/04/3.jpg"><img loading="lazy" decoding="async" width="1020" height="721" data-id="5283" src="https://laverna.at/LaVerna/wp-content/uploads/2026/04/3-1020x721.jpg" alt="" class="wp-image-5283" srcset="https://laverna.at/LaVerna/wp-content/uploads/2026/04/3-1020x721.jpg 1020w, https://laverna.at/LaVerna/wp-content/uploads/2026/04/3-632x447.jpg 632w, https://laverna.at/LaVerna/wp-content/uploads/2026/04/3-768x543.jpg 768w, https://laverna.at/LaVerna/wp-content/uploads/2026/04/3-1536x1086.jpg 1536w, https://laverna.at/LaVerna/wp-content/uploads/2026/04/3-2048x1448.jpg 2048w" sizes="(max-width: 706px) 89vw, (max-width: 767px) 82vw, 740px" /></a></figure>
</figure>



<p>Wenn du gerne musizierst oder dich irgendwie in die Vorbereitung dieser Gottesdienste einbringen kannst und willst, dann kontaktiere <a href="laverna@franziskaner.at"> P. Karmel OFM</a>. Wir suchen: Musiker und Musikerinnen, Sängerinnen und Sänger, Helfer für den Aufbau und Abbau, Techniker für PA und Licht.</p>



<h4 class="wp-block-heading">Wie kannst du uns sonst helfen?</h4>



<p>1. Mache unsere Gottesdienste in deinem Bekanntenkreis und deiner Pfarre bekannt.</p>



<p>2. Bete für uns.</p>

<p>Am Vorabend des 3. Sonntags im Monat um 18:00 Uhr feiern wir in unserer Franziskanerkirche in Maria Enzersdorf eine Eucharistie mit Lobpreis. Eucharistie selbst ist der eigentliche Lobpreis der Kirche. Hier können wir Gott loben, obwohl wir dazu eigentlich nicht imstande sind. Christus ist derjenige, der uns seinen Heiligen Geist schenkt, damit wir den Vater &hellip; </p>
<p class="link-more"><a href="https://laverna.at/LaVerna/veranstaltungen-2/eucharistie-mit-lobpreis/" class="more-link">Czytaj dalej<span class="screen-reader-text"> „Eucharistie mit Lobpreis”</span></a></p>
